541961261?
1
What is the units digit of 495794901?
1
What is the billions digit of 2013727250?
2
What is the hundreds digit of 884567178?
1
What is the ten millions digit of 57163225?
5
What is the hundred millions digit of 385360980?
3
What is the hundred thousands digit of 4409956147?
9
What is the millions digit of 2257817037?
7
What is the units digit of 237879528?
8
What is the ten thousands digit of 287123221?
2
What is the hundred millions digit of 243328219?
2
What is the ten millions digit of 88221841?
8
What is the tens digit of 4713488?
8
What is the hundreds digit of 485917?
9
What is the ten millions digit of 1470084231?
7
What is the hundreds digit of 434884916?
9
What is the thousands digit of 761841842?
1
What is the ten thousands digit of 1154519719?
1
What is the units digit of 19832743?
3
What is the hundred thousands digit of 10215467?
2
What is the thousands digit of 6210694574?
4
What is the millions digit of 379483770?
9
What is the millions digit of 254117577?
4
What is the ten millions digit of 556491738?
5
What is the ten millions digit of 117078737?
1
What is the units digit of 619822?
2
What is the ten thousands digit of 75963570?
6
What is the ten millions digit of 862945919?
6
What is the ten thousands digit of 54636134?
3
What is the millions digit of 134218120?
4
What is the hundred thousands digit of 27432841?
4
What is the tens digit of 500097455?
5
What is the ten millions digit of 219623622?
1
What is the hundred thousands digit of 4275525?
2
What is the thousands digit of 739263609?
3
What is the ten millions digit of 136176097?
3
What is the thousands digit of 11829969?
9
What is the ten thousands digit of 2597310155?
1
What is the ten millions digit of 44700968?
4
What is the millions digit of 114913688?
4
What is the millions digit of 1198684412?
8
What is the ten thousands digit of 1246290353?
9
What is the hundreds digit of 1441987388?
3
What is the tens digit of 116470013?
1
What is the millions digit of 4283897680?
3
What is the hundreds digit of 1665339935?
9
What is the hundred millions digit of 418236318?
4
What is the units digit of 796521888?
8
What is the thousands digit of 225725936?
5
What is the tens digit of 87588312?
1
What is the thousands digit of 189048293?
8
What is the hundreds digit of 1597290117?
1
What is the ten millions digit of 240158042?
4
What is the ten thousands digit of 1164500902?
0
What is the tens digit of 520272693?
9
What is the millions digit of 36092633?
6
What is the ten millions digit of 2798838020?
9
What is the units digit of 1211549243?
3
What is the units digit of 50205917?
7
What is the hundred thousands digit of 392443877?
4
What is the thousands digit of 3263316057?
6
What is the tens digit of 657249466?
6
What is the hundreds digit of 297394981?
9
What is the tens digit of 274719077?
7
What is the millions digit of 7198291046?
8
What is the ten millions digit of 10338254?
1
What is the units digit of 168137274?
4
What is the hundreds digit of 67753034?
0
What is the ten millions digit of 36921099?
3
What is the thousands digit of 273661312?
1
What is the ten millions digit of 48706952?
4
What is the units digit of 2383025020?
0
What is the tens digit of 120933360?
6
What is the billions digit of 4841896000?
4
What is the hundred millions digit of 434277739?
4
What is the hundreds digit of 70287234?
2
What is the tens digit of 88347259?
5
What is the hundred thousands digit of 504624171?
6
What is the ten thousands digit of 576523271?
2
What is the units digit of 48888356?
6
What is the units digit of 1275049026?
6
What is the hundred thousands digit of 75146290?
1
What is the ten millions digit of 1038102224?
3
What is the ten millions digit of 666708650?
6
What is the thousands digit of 2745254729?
4
What is the ten thousands digit of 241645246?
4
What is the hundred thousands digit of 7356413960?
4
What is the millions digit of 354525761?
4
What is the hundreds digit of 275582838?
8
What is the thousands digit of 756401417?
1
What is the millions digit of 255259863?
5
What is the ten millions digit of 89762339?
8
What is the units digit of 263644812?
2
What is the ten millions digit of 214189521?
1
What is the hundreds digit of 1305841588?
5
What is the hundred thousands digit of 10429247?
4
What is the units digit of 54963980?
0
What is the ten thousands digit of 88487831?
8
What is the millions digit of 509841027?
9
What is the tens digit of 55322805?
0
What is the units digit of 30565223?
3
What is the ten millions digit of 88263701?
8
What is the tens digit of 5776786?
8
What is the millions digit of 262088761?
2
What is the millions digit of 311036328?
1
What is the tens digit of 250072129?
2
What is the millions digit of 5477283205?
7
What is the thousands digit of 56585465?
5
What is the ten thousands digit of 2259121845?
2
What is the ten thousands digit of 19431634?
3
What is the ten thousands digit of 56362741?
6
What is the tens digit of 3162137?
3
What is the units digit of 111784502?
2
What is the hundreds digit of 7465966314?
3
What is the hundreds digit of 65640317?
3
What is the hundreds digit of 275910450?
4
What is the ten millions digit of 2058702216?
5
What is the millions digit of 8249058157?
9
What is the hundreds digit of 518659144?
1
What is the ten thousands digit of 4029610850?
1
What is the units digit of 8917545?
5
What is the millions digit of 188730514?
8
What is the hundreds digit of 391425561?
5
What is the thousands digit of 173917994?
7
What is the ten millions digit of 1289899356?
8
What is the units digit of 202056070?
0
What is the ten thousands digit of 113981868?
8
What is the thousands digit of 114233?
4
What is the millions digit of 68796345?
8
What is the billions digit of 1195934569?
1
What is the millions digit of 200977417?
0
What is the hundred thousands digit of 433931859?
9
What is the hundred thousands digit of 374880815?
8
What is the units digit of 95123172?
2
What is the tens digit of 6826551703?
0
What is the units digit of 322452627?
7
What is the hundreds digit of 35934687?
6
What is the millions digit of 187730438?
7
What is the hundred thousands digit of 59397152?
3
What is the units digit of 2890748691?
1
What is the millions digit of 16868029?
6
What is the hundred thousands digit of 94421197?
4
What is the thousands digit of 297487479?
7
What is the ten millions digit of 314929643?
1
What is the ten millions digit of 283962853?
8
What is the units digit of 2709448775?
5
What is the thousands digit of 881241248?
1
What is the units digit of 43564846?
6
What is the ten millions digit of 461906193?
6
What is the ten thousands digit of 4091433888?
3
What is the hundreds digit of 2499429652?
6
What is the tens digit of 480598343?
4
What is the hundred thousands digit of 2961156300?
1
What is the units digit of 2444619741?
1
What is the millions digit of 53474787?
3
What is the billions digit of 2101776446?
2
What is the hundreds digit of 667291880?
8
What is the hundreds digit of 413439170?
1
What is the millions digit of 56349607?
6
What is the thousands digit of 537556658?
6
What is the millions digit of 2556355923?
6
What is the hundreds digit of 293064578?
5
What is the hundred millions digit of 355447979?
3
What is the units digit of 760055951?
1
What is the ten millions digit of 873395417?
7
What is the ten millions digit of 3657620218?
5
What is the hundred thousands digit of 220107471?
1
What is the millions digit of 261086971?
1
What is the tens digit of 17308904?
0
What is the millions digit of 9053247?
9
What is the tens digit of 89164530?
3
What is the hundred thousands digit of 1158145348?
1
What is the hundred thousands digit of 81753341?
7
What is the hundred thousands digit of 243485761?
4
What is the hundreds digit of 319011587?
5
What is the thousands digit of 1475341180?
1
What is the ten thousands digit of 968883313?
8
What is the hundreds digit of 683679765?
7
What is the hundred millions digit of 243368820?
2
What is the hundreds digit of 71758320?
3
What is the ten millions digit of 93887773?
9
What is the thousands digit of 2696635942?
5
What is the thousands digit of 249814620?
4
What is the units digit of 85413936?
6
What is the hundred thousands digit of 12591164?
5
Wha